{"id":1699,"date":"2026-04-28T02:22:41","date_gmt":"2026-04-28T02:22:41","guid":{"rendered":"https:\/\/www.jumparati.com\/?post_type=product&#038;p=1699"},"modified":"2026-04-28T02:32:17","modified_gmt":"2026-04-28T02:32:17","slug":"contorno-en-barra","status":"publish","type":"product","link":"https:\/\/www.jumparati.com\/index.php\/producto\/contorno-en-barra\/","title":{"rendered":"Contorno en Barra"},"content":{"rendered":"<div id=\"product-description\" data-astro-cid-hyvzkcdj=\"\">\n<p>Luce un rostro esculpido y definido con nuestro contorno en barra, permitiendo una f\u00e1cil aplicaci\u00f3n, ya que su textura cremosa nos permite una f\u00e1cil difuminaci\u00f3n.<\/p>\n<p><strong>Caracter\u00edsticas<\/strong>:<\/p>\n<p>Textura suave y cremosa para una f\u00e1cil aplicaci\u00f3n y difuminaci\u00f3n; logrando un aspecto c\u00e1lido y esculpido en tu rostro.<\/p>\n<\/div>\n<div class=\"metadata\" data-astro-cid-hyvzkcdj=\"\">\n<div class=\"quote self-love\" data-astro-cid-hyvzkcdj=\"\">\n<p data-astro-cid-hyvzkcdj=\"\">Alta cobertura, f\u00e1cil de difuminar, brinda una apariencia definida al rostro.<\/p>\n<\/div>\n<div class=\"quote usage\" data-astro-cid-hyvzkcdj=\"\">\n<h4 data-astro-cid-hyvzkcdj=\"\">Uso<\/h4>\n<p data-astro-cid-hyvzkcdj=\"\">Apl\u00edcalo con brochas que permitan una excelente difuminaci\u00f3n del producto o con una beauty blander para una mayor comodidad.<\/p>\n<\/div>\n<\/div>\n","protected":false},"excerpt":{"rendered":"<p>Luce un rostro esculpido y definido con nuestro contorno en barra, permitiendo una f\u00e1cil aplicaci\u00f3n, ya que su textura cremosa nos permite una f\u00e1cil difuminaci\u00f3n. Caracter\u00edsticas: Textura suave y cremosa para una f\u00e1cil aplicaci\u00f3n y difuminaci\u00f3n; logrando un aspecto c\u00e1lido y esculpido en tu rostro. Alta cobertura, f\u00e1cil de difuminar, brinda una apariencia definida al [&hellip;]<\/p>\n","protected":false},"featured_media":1703,"comment_status":"open","ping_status":"closed","template":"","meta":[],"product_brand":[67],"product_cat":[51],"product_tag":[],"class_list":{"0":"post-1699","1":"product","2":"type-product","3":"status-publish","4":"has-post-thumbnail","6":"product_brand-dolce-bella","7":"product_cat-contornos","9":"first","10":"instock","11":"shipping-taxable","12":"product-type-simple"},"_links":{"self":[{"href":"https:\/\/www.jumparati.com\/index.php\/wp-json\/wp\/v2\/product\/1699","targetHints":{"allow":["GET"]}}],"collection":[{"href":"https:\/\/www.jumparati.com\/index.php\/wp-json\/wp\/v2\/product"}],"about":[{"href":"https:\/\/www.jumparati.com\/index.php\/wp-json\/wp\/v2\/types\/product"}],"replies":[{"embeddable":true,"href":"https:\/\/www.jumparati.com\/index.php\/wp-json\/wp\/v2\/comments?post=1699"}],"wp:featuredmedia":[{"embeddable":true,"href":"https:\/\/www.jumparati.com\/index.php\/wp-json\/wp\/v2\/media\/1703"}],"wp:attachment":[{"href":"https:\/\/www.jumparati.com\/index.php\/wp-json\/wp\/v2\/media?parent=1699"}],"wp:term":[{"taxonomy":"product_brand","embeddable":true,"href":"https:\/\/www.jumparati.com\/index.php\/wp-json\/wp\/v2\/product_brand?post=1699"},{"taxonomy":"product_cat","embeddable":true,"href":"https:\/\/www.jumparati.com\/index.php\/wp-json\/wp\/v2\/product_cat?post=1699"},{"taxonomy":"product_tag","embeddable":true,"href":"https:\/\/www.jumparati.com\/index.php\/wp-json\/wp\/v2\/product_tag?post=1699"}],"curies":[{"name":"wp","href":"https:\/\/api.w.org\/{rel}","templated":true}]}}