{"id":1664,"date":"2026-04-27T22:06:07","date_gmt":"2026-04-27T22:06:07","guid":{"rendered":"https:\/\/www.jumparati.com\/?post_type=product&#038;p=1664"},"modified":"2026-04-28T02:34:27","modified_gmt":"2026-04-28T02:34:27","slug":"polvo-bronzer-dolce-bella","status":"publish","type":"product","link":"https:\/\/www.jumparati.com\/index.php\/producto\/polvo-bronzer-dolce-bella\/","title":{"rendered":"Polvo Bronzer Dolce Bella"},"content":{"rendered":"<div id=\"product-description\" data-astro-cid-hyvzkcdj=\"\">\n<p>Agrega un toque de frescura e iluminaci\u00f3n a tu rostro en cualquier momento del a\u00f1o con nuestro Bronzer.<\/p>\n<p><strong>Caracter\u00edsticas:<\/strong> El toque final para un look c\u00e1lido y saludable. Ya sea que busques un resplandor sutil o un bronceado m\u00e1s marcado, este bronzer te permite esculpir y realzar tus rasgos con facilidad.<\/p>\n<\/div>\n<div class=\"metadata\" data-astro-cid-hyvzkcdj=\"\">\n<div class=\"quote self-love\" data-astro-cid-hyvzkcdj=\"\">\n<p data-astro-cid-hyvzkcdj=\"\">Acabado perfecto para tu piel, vitamina E.<\/p>\n<\/div>\n<div class=\"quote usage\" data-astro-cid-hyvzkcdj=\"\">\n<h4 data-astro-cid-hyvzkcdj=\"\">Uso<\/h4>\n<p data-astro-cid-hyvzkcdj=\"\">Usa una brocha ancha y suave para difuminar el producto de manera uniforme. Aplica en zonas como la frente, mejillas, mand\u00edbula, nariz y ment\u00f3n dependiendo del look que buscas. Difumina bien para lograr un acabado natural.<\/p>\n<\/div>\n<\/div>\n","protected":false},"excerpt":{"rendered":"<p>Agrega un toque de frescura e iluminaci\u00f3n a tu rostro en cualquier momento del a\u00f1o con nuestro Bronzer. Caracter\u00edsticas: El toque final para un look c\u00e1lido y saludable. Ya sea que busques un resplandor sutil o un bronceado m\u00e1s marcado, este bronzer te permite esculpir y realzar tus rasgos con facilidad. Acabado perfecto para tu [&hellip;]<\/p>\n","protected":false},"featured_media":1665,"comment_status":"open","ping_status":"closed","template":"","meta":[],"product_brand":[67],"product_cat":[51,48],"product_tag":[],"class_list":{"0":"post-1664","1":"product","2":"type-product","3":"status-publish","4":"has-post-thumbnail","6":"product_brand-dolce-bella","7":"product_cat-contornos","8":"product_cat-iluminadores","10":"first","11":"instock","12":"shipping-taxable","13":"product-type-simple"},"_links":{"self":[{"href":"https:\/\/www.jumparati.com\/index.php\/wp-json\/wp\/v2\/product\/1664","targetHints":{"allow":["GET"]}}],"collection":[{"href":"https:\/\/www.jumparati.com\/index.php\/wp-json\/wp\/v2\/product"}],"about":[{"href":"https:\/\/www.jumparati.com\/index.php\/wp-json\/wp\/v2\/types\/product"}],"replies":[{"embeddable":true,"href":"https:\/\/www.jumparati.com\/index.php\/wp-json\/wp\/v2\/comments?post=1664"}],"wp:featuredmedia":[{"embeddable":true,"href":"https:\/\/www.jumparati.com\/index.php\/wp-json\/wp\/v2\/media\/1665"}],"wp:attachment":[{"href":"https:\/\/www.jumparati.com\/index.php\/wp-json\/wp\/v2\/media?parent=1664"}],"wp:term":[{"taxonomy":"product_brand","embeddable":true,"href":"https:\/\/www.jumparati.com\/index.php\/wp-json\/wp\/v2\/product_brand?post=1664"},{"taxonomy":"product_cat","embeddable":true,"href":"https:\/\/www.jumparati.com\/index.php\/wp-json\/wp\/v2\/product_cat?post=1664"},{"taxonomy":"product_tag","embeddable":true,"href":"https:\/\/www.jumparati.com\/index.php\/wp-json\/wp\/v2\/product_tag?post=1664"}],"curies":[{"name":"wp","href":"https:\/\/api.w.org\/{rel}","templated":true}]}}