{"id":1606,"date":"2026-04-26T19:39:50","date_gmt":"2026-04-26T19:39:50","guid":{"rendered":"https:\/\/www.jumparati.com\/?post_type=product&#038;p=1606"},"modified":"2026-04-26T23:31:46","modified_gmt":"2026-04-26T23:31:46","slug":"base-suede-matte-de-dolce-bella","status":"publish","type":"product","link":"https:\/\/www.jumparati.com\/index.php\/producto\/base-suede-matte-de-dolce-bella\/","title":{"rendered":"Base Suede Matte de Dolce Bella"},"content":{"rendered":"<div id=\"product-description\" data-astro-cid-hyvzkcdj=\"\">\n<p>La Base Suede Matte de Dolce Bella es l\u00edquida, ligera y mate, que perdura intacta durante horas. Su f\u00f3rmula sedosa cubre como un filtro natural, matificando y disimulando poros e imperfeccionesal instante.<\/p>\n<p><strong>Contiene:<\/strong> Vitamina B5, Vitamina E y Aceite de girasol.<\/p>\n<\/div>\n<div class=\"metadata\" data-astro-cid-hyvzkcdj=\"\">\n<div class=\"quote self-love\" data-astro-cid-hyvzkcdj=\"\">\n<p data-astro-cid-hyvzkcdj=\"\">Te cautivar\u00e1 su f\u00f3rmula de larga duraci\u00f3n que se mantiene impecable durante horas.<\/p>\n<\/div>\n<div class=\"quote usage\" data-astro-cid-hyvzkcdj=\"\">\n<h4 data-astro-cid-hyvzkcdj=\"\">Uso<\/h4>\n<p data-astro-cid-hyvzkcdj=\"\">Para un acabado suave y uniforme, usa una brocha kabuki, pero si prefieres un acabado m\u00e1s natural usa una Beauty Blender h\u00fameda.<\/p>\n<\/div>\n<\/div>\n","protected":false},"excerpt":{"rendered":"<p>La Base Suede Matte de Dolce Bella es l\u00edquida, ligera y mate, que perdura intacta durante horas. Con 7 tonos disponibles.<\/p>\n","protected":false},"featured_media":1615,"comment_status":"open","ping_status":"closed","template":"","meta":[],"product_brand":[67],"product_cat":[47],"product_tag":[53,55,61],"class_list":{"0":"post-1606","1":"product","2":"type-product","3":"status-publish","4":"has-post-thumbnail","6":"product_brand-dolce-bella","7":"product_cat-bases-maquillaje","8":"product_tag-base","9":"product_tag-dolce-bella","10":"product_tag-rostro","12":"first","13":"instock","14":"shipping-taxable","15":"product-type-simple"},"_links":{"self":[{"href":"https:\/\/www.jumparati.com\/index.php\/wp-json\/wp\/v2\/product\/1606","targetHints":{"allow":["GET"]}}],"collection":[{"href":"https:\/\/www.jumparati.com\/index.php\/wp-json\/wp\/v2\/product"}],"about":[{"href":"https:\/\/www.jumparati.com\/index.php\/wp-json\/wp\/v2\/types\/product"}],"replies":[{"embeddable":true,"href":"https:\/\/www.jumparati.com\/index.php\/wp-json\/wp\/v2\/comments?post=1606"}],"wp:featuredmedia":[{"embeddable":true,"href":"https:\/\/www.jumparati.com\/index.php\/wp-json\/wp\/v2\/media\/1615"}],"wp:attachment":[{"href":"https:\/\/www.jumparati.com\/index.php\/wp-json\/wp\/v2\/media?parent=1606"}],"wp:term":[{"taxonomy":"product_brand","embeddable":true,"href":"https:\/\/www.jumparati.com\/index.php\/wp-json\/wp\/v2\/product_brand?post=1606"},{"taxonomy":"product_cat","embeddable":true,"href":"https:\/\/www.jumparati.com\/index.php\/wp-json\/wp\/v2\/product_cat?post=1606"},{"taxonomy":"product_tag","embeddable":true,"href":"https:\/\/www.jumparati.com\/index.php\/wp-json\/wp\/v2\/product_tag?post=1606"}],"curies":[{"name":"wp","href":"https:\/\/api.w.org\/{rel}","templated":true}]}}